 Let f = 1 - 1. Suppose m + 4*k - 2 + 9 = 0, f = 4*m + 5*k - 16. What is the highest common divisor of m and j?
9
Let m(o) = -38*o - 39. Let h be m(-6). Calculate the highest common factor of h and 63.
63
Let n be ((-50)/(-4))/5*(-6512)/(-110). Calculate the highest common factor of n and 37.
37
Let x be 4/18 - (-493)/9. What is the greatest common divisor of x and 10?
5
Let p = 65 + -47. Let f(b) = -b + 2. Let l be f(0). Suppose -l*k + 6 = 0, -2*a - 4*k + 9 + 27 = 0. What is the highest common divisor of a and p?
6
Suppose -51*l + 2*o - 22 = -53*l, 0 = -3*l - 5*o + 25. Calculate the greatest common divisor of 1485 and l.
15
Suppose -11520 = -637*k + 632*k. Calculate the highest common factor of 36 and k.
36
Suppose 3*f + 66 = 6*f. Let i be 66*(4 + (-45)/10). Let d = i + 88. Calculate the highest common factor of f and d.
11
Let f be (-10)/(-45) + (-68)/(-18). Let z be 42/f*4/6. Suppose 0 = -m + 3*d + 3 + 10, d = -2*m + 12. What is the greatest common factor of z and m?
7
Let v = -1643 - -1851. Calculate the highest common divisor of 32 and v.
16
Let z = 22 - -41. Suppose -13*r + 16*r - 6 = 0. Suppose 19 = f - r. Calculate the greatest common divisor of f and z.
21
Let i(r) = 4*r**3 + 6*r**2 + 12*r - 39. Let s be i(5). What is the greatest common divisor of s and 61?
61
Let m(i) = i**2 + 7*i + 3. Let y be m(-10). Let x = -77 + 99. Calculate the highest common divisor of x and y.
11
Let q(h) = h**2 - 12*h - 22. Let v be q(-5). What is the greatest common factor of 18 and v?
9
Let k = 23 + -19. Let h be 3/(-1 - -6 - k). Let b be (6/(-4))/(18/(-12)). Calculate the greatest common divisor of b and h.
1
Let p be (-1 - 0)*(-19 - -28). Let f(d) = d**2 + 7*d - 12. Let i be f(p). Calculate the highest common divisor of 15 and i.
3
Let d be ((-1)/1)/(-1 + 24/32). Suppose 0 = 5*q - 10, 0*c = -d*c + 5*q + 746. What is the greatest common factor of 21 and c?
21
Suppose -109*y + 6 = -106*y. Calculate the greatest common divisor of 16 and y.
2
Let u(x) = 8*x + 180. Suppose -3*c + a - 2 = -0, -2*a = -4. Let w be u(c). Calculate the highest common factor of 36 and w.
36
Let i = -2175 - -3564. What is the highest common factor of 3 and i?
3
Let b(q) = 303*q**2 + 49*q + 180. Let n be b(-4). Calculate the greatest common divisor of 151 and n.
151
Let n(u) = -28*u + 11. Let o be n(9). Let x = o - -436. Suppose -216 - 254 = -5*b + 5*c, -2*b - 5*c = -x. What is the greatest common factor of b and 38?
19
Let d be 36/16*-2*12. Let z be d/(-15)*20/(-6). Let p be z*1*(-4)/4. Calculate the highest common factor of p and 60.
12
Let q = 270 + -90. Calculate the greatest common factor of q and 24.
12
Suppose -b + 472 = 3*b - 4*r, r + 346 = 3*b. Calculate the highest common divisor of b and 76.
38
Suppose -2*k - 102 = -84. Let m(l) = l**3 + 4*l**2 + l + 2. Let n be m(-4). Let d be (-72 + k)*n/3. Calculate the greatest common factor of d and 135.
27
Suppose -3*r + 232 = 3*g - 5*r, -5*g - 5*r = -420. Let x = -313 - -427. Let t = x + -98. What is the greatest common divisor of t and g?
16
Suppose 3*z = 4*v - 73, -5*z = -0*v + 3*v - 33. Let m(d) = d**2 + d + 64. Let n be m(0). What is the greatest common divisor of n and v?
16
Suppose -6*t = -2*t - 5*u - 75, -2*t + 5*u = -45. Suppose 0 = 2*p + 4*p. Let h = t + p. What is the highest common factor of h and 5?
5
Suppose 0 = -y + 2*z + 6, y + 23*z = 26*z + 4. Calculate the greatest common divisor of 265 and y.
5
Let z(s) = 4*s - 2. Let m be z(2). Suppose 13*v = 294 - 268. What is the highest common factor of m and v?
2
Let l be -10 + (-50)/(-5) + 5. Let n = 52 + -12. Calculate the highest common factor of n and l.
5
Suppose 5*y - 15 = 0, -y + 2439 = 8*d - 5*d. What is the greatest common factor of d and 84?
28
Suppose -o - 33 = -12*o. Suppose 90 = -0*u + o*u. What is the highest common divisor of 12 and u?
6
Suppose -11480 = -27*k + 4423. What is the highest common factor of k and 19?
19
Suppose 0 = -2*y + 4, -4*j + 4980 = -7*y + 3*y. What is the highest common divisor of 29 and j?
29
Let o = -744 + 755. What is the greatest common factor of 16 and o?
1
Suppose 0 = -h - 6 + 18. Let o = h - 7. Suppose 8*f - 3*f - o*j = 325, 0 = 2*j + 10. What is the highest common divisor of f and 20?
20
Let b = 45 - 27. Suppose -n + 120 = -4*n. Let o = -22 - n. What is the highest common divisor of o and b?
18
Let x = 2234 + 505. Calculate the greatest common factor of 33 and x.
33
Suppose 2*l - 36 + 8 = 0. Suppose o = -3*b + 42, 3*o + 5725 - 5669 = 4*b. What is the highest common divisor of b and l?
14
Let d = 4 + 100. What is the highest common divisor of d and 39?
13
Let x = 84 + -88. Let g be (-10)/15*42/x. Calculate the highest common factor of g and 7.
7
Let y = -1 - -4. Suppose y*s = 7*s - 680. Suppose -4*i = -182 - s. What is the greatest common divisor of 11 and i?
11
Suppose -3*q - 17 = d - 5*d, -4*q = 5*d + 2. Let g be d + -3 + (36 - 11). Suppose 7*v + 16 = 58. What is the greatest common divisor of g and v?
6
Let s be (627/(-12)*2)/(2/(-4)). Calculate the highest common factor of 19 and s.
19
Suppose -4*z = -0*z + 708. Let c = z + 263. Calculate the greatest common divisor of 129 and c.
43
Let f = 63 - 57. Suppose 27*h - 21*h - f = 0. Suppose 5*y - 4 = y. Calculate the highest common factor of h and y.
1
Suppose -96 = 3253*w - 3257*w. Calculate the greatest common divisor of w and 8.
8
Let h(s) = -2*s**2 + 12*s - 25. Let v be h(5). Let p(j) = -3*j + 9. Let r be p(v). Calculate the greatest common divisor of 6 and r.
6
Let k(h) = -h**3 + 11*h**2 - 11*h + 15. Let o be k(10). What is the greatest common factor of 85 and o?
5
Let w(a) = a**3 + 6*a**2 - 3*a + 3. Suppose -3*o - 35 = -11. Let b = 2 + o. Let d be w(b). What is the highest common factor of 21 and d?
21
Suppose 50*d = 49*d - 34. Let v = 83 + d. Calculate the highest common divisor of 7 and v.
7
Let p(d) = -d**2 - 5*d - 4. Let t be p(-6). Let m(b) = -b**2 - 11*b - 3. Let z be m(t). Let a = 46 - 11. Calculate the greatest common divisor of a and z.
7
Let a be ((-3)/6)/((-1)/6). Suppose -b - 4 = -a*b. Let y be b + -5 + 2 + 37. Calculate the greatest common divisor of 4 and y.
4
Suppose 5*c = 5*f + 95, 2*c - 5*f - 39 = -2*f. Suppose 4*i - 3*k + 7*k - 76 = 0, 0 = -5*i + 2*k + 88. What is the highest common divisor of i and c?
18
Let t(u) = -u**3 - 8*u**2 + 5*u + 110. Let q be t(-8). What is the greatest common factor of q and 56?
14
Let d = 5004 - 3186. What is the greatest common factor of 18 and d?
18
Let x(l) = 26*l**3 + 2*l**2 - 2*l + 1. Let h be x(1). Let s be 1/(-3) + 252/h. Let j be 1/4 - (-107)/4. Calculate the greatest common factor of s and j.
9
Let m be ((-42)/6)/((-1)/33). What is the highest common factor of m and 21?
21
Let p = -93 + 163. Suppose 4*c - 44 = 8*c - i, c + 14 = i. Let k = c + p. What is the greatest common factor of 12 and k?
12
Let y(p) = -211*p - 31. Let t be y(-3). What is the highest common divisor of t and 86?
86
Let w be (-638)/(-8) - 1/(-4). Let p = 275 + -255. What is the greatest common divisor of w and p?
20
Let g(q) = 14*q - 122. Let t be g(11). Calculate the highest common factor of 128 and t.
32
Let n = -10 - -13. Suppose n*u = -u + 1380. Suppose 75 = -5*l + u. What is the greatest common divisor of 36 and l?
18
Suppose -3*w + 46 = 2*l, -5*l = 5*w - 41 - 44. Suppose 0 = 4*o + 7 + 17. Let g be (1 + -7)/(o/108). What is the greatest common factor of w and g?
12
Let m(i) = 159*i**3 + 2*i**2 - 2*i + 1. Let r be m(1). Suppose -6*s + r = -s. What is the greatest common divisor of s and 160?
32
Suppose -294 = -2*f - 2*q, -f - 5*q - 735 = -6*f. Calculate the greatest common factor of 7 and f.
7
Let q = 317 - 149. What is the highest common divisor of 6 and q?
6
Let a(k) = 79*k**3 - 2*k**2 + 1. Let w be a(-1). Let t be w/(-15) - 4/(-6). Let n be (2*2)/(t/72). Calculate the highest common divisor of n and 16.
16
Let y be (22 + -4 + 56/(-8))*11. What is the highest common divisor of 55 and y?
11
Suppose 2*v - 7 = -v + i, 4*v - 5*i = 13. Suppose 0 = -4*s + c + 82, -s + v*c = -0*c - 17. What is the highest common factor of 63 and s?
21
Let k be (55/15 - (-3)/(-1))*6. What is the greatest common factor of k and 17?
1
Suppose 8*z = 34 + 102. Suppose 5*h + 2*g = 332, -g - 15 = 3*h - 215. Calculate the highest common factor of h and z.
17
Let t be 0 + 276/